86661 a multiple of 3?
True
Is 228 a factor of 323310?
False
Does 41 divide 1605018?
False
Is 181747 a multiple of 12?
False
Does 37 divide 2710629?
False
Is 57 a factor of 1425570?
True
Does 72 divide 316296?
True
Is 83694 a multiple of 58?
True
Does 45 divide 1072239?
False
Does 453 divide 1118082?
False
Is 394900 a multiple of 10?
True
Is 78 a factor of 41964?
True
Does 1159 divide 6478414?
False
Is 389397 a multiple of 266?
False
Is 70020 a multiple of 15?
True
Does 59 divide 1956194?
False
Does 493 divide 14033245?
True
Is 535769 a multiple of 13?
True
Is 6 a factor of 159250?
False
Does 23 divide 142094?
True
Is 7 a factor of 6279?
True
Is 17 a factor of 82790?
True
Is 127 a factor of 39497?
True
Does 265 divide 688470?
True
Is 153 a factor of 3077289?
True
Is 237489 a multiple of 43?
True
Is 179000 a multiple of 391?
False
Is 167198 a multiple of 4?
False
Does 678 divide 11441271?
False
Is 104 a factor of 5148624?
True
Is 4 a factor of 6999095?
False
Is 20 a factor of 183780?
True
Is 173 a factor of 95007?
False
Does 156 divide 14664?
True
Is 493 a factor of 9014505?
True
Is 276708 a multiple of 16?
False
Is 11 a factor of 849974?
False
Does 11 divide 52491?
False
Is 37 a factor of 31376?
True
Is 102 a factor of 120768?
True
Is 21 a factor of 564784?
False
Is 445896 a multiple of 792?
True
Does 26 divide 134160?
True
Is 498 a factor of 2110026?
True
Is 1108 a factor of 10026292?
True
Is 5 a factor of 79570?
True
Does 60 divide 749220?
True
Does 7 divide 273109?
False
Does 16 divide 62016?
True
Is 57 a factor of 1277940?
True
Is 20 a factor of 3019440?
True
Is 77 a factor of 8348556?
False
Does 7 divide 1902263?
False
Does 15 divide 579255?
True
Is 420088 a multiple of 5?
False
Does 846 divide 1273230?
True
Is 654489 a multiple of 33?
True
Is 771555 a multiple of 20?
False
Is 3 a factor of 12844?
False
Is 83 a factor of 412187?
False
Does 16 divide 14859?
False
Is 151 a factor of 590248?
False
Is 48770 a multiple of 10?
True
Does 13 divide 130481?
True
Is 208 a factor of 121978?
False
Is 173 a factor of 24146665?
False
Is 718025 a multiple of 77?
True
Is 4894475 a multiple of 111?
False
Is 93969 a multiple of 9?
True
Does 58 divide 65424?
True
Is 1591549 a multiple of 475?
False
Is 11 a factor of 39930?
True
Does 29 divide 781831?
False
Does 10 divide 175136?
False
Does 310 divide 4441560?
False
Is 504 a factor of 5664960?
True
Is 691 a factor of 686163?
True
Is 152 a factor of 106885?
False
Is 511 a factor of 8687?
True
Does 722 divide 509840?
False
Is 40 a factor of 9159?
False
Does 92 divide 5331676?
True
Does 775 divide 2832625?
True
Is 6094143 a multiple of 150?
False
Is 29 a factor of 3768347?
True
Is 127050 a multiple of 363?
True
Does 208 divide 12696736?
True
Is 313500 a multiple of 209?
True
Is 4 a factor of 4934310?
False
Is 52320 a multiple of 48?
True
Is 928560 a multiple of 6?
True
Is 3 a factor of 1763006?
False
Is 60789 a multiple of 6?
False
Is 7928880 a multiple of 15?
True
Is 38 a factor of 7118426?
True
Is 474132 a multiple of 31?
False
Does 231 divide 172788?
True
Is 730 a factor of 374887?
False
Is 14 a factor of 408574?
False
Is 773700 a multiple of 895?
False
Does 546 divide 2802072?
True
Does 21 divide 84861?
True
Is 2813567 a multiple of 99?
False
Is 15 a factor of 8134?
False
Is 198401 a multiple of 6?
False
Is 20409417 a multiple of 609?
True
Is 425414 a multiple of 22?
True
Is 282 a factor of 1241364?
True
Is 142405 a multiple of 95?
True
Is 8 a factor of 214448?
True
Does 340 divide 170340?
True
Does 38 divide 11172?
True
Does 45 divide 348955?
False
Does 364 divide 745108?
True
Is 568251 a multiple of 333?
False
Is 676 a factor of 10926188?
True
Is 1906259 a multiple of 18?
False
Is 232282 a multiple of 27?
False
Is 413995 a multiple of 364?
False
Does 13 divide 2445290?
False
Is 53 a factor of 18879?
False
Is 61456 a multiple of 16?
True
Does 5 divide 1457475?
True
Is 1527368 a multiple of 34?
False
Is 12 a factor of 7405313?
False
Does 15 divide 998366?
False
Is 840 a factor of 7086711?
False
Is 6 a factor of 417924?
True
Does 54 divide 313369?
False
Is 45684 a multiple of 47?
True
Is 37 a factor of 47138?
True
Is 200 a factor of 103850?
False
Does 222 divide 803196?
True
Is 8 a factor of 408042?
False
Does 38 divide 115334?
False
Does 59 divide 3964693?
False
Does 2 divide 129921?
False
Is 65523 a multiple of 20?
False
Does 211 divide 373048?
True
Does 5 divide 735270?
True
Is 58 a factor of 21750?
True
Is 1554040 a multiple of 26?
False
Is 251589 a multiple of 335?
False
Does 6 divide 4567?
False
Is 686194 a multiple of 26?
False
Is 3286728 a multiple of 382?
True
Is 334256 a multiple of 8?
True
Is 326 a factor of 798944?
False
Does 227 divide 96248?
True
Is 2478912 a multiple of 24?
True
Is 11 a factor of 772981?
True
Is 2657907 a multiple of 287?
True
Is 11705220 a multiple of 18?
True
Is 1218 a factor of 492473?
False
Is 11 a factor of 305987?
True
Does 1172 divide 957524?
True
Is 4 a factor of 99672?
True
Does 206 divide 732948?
True
Does 544 divide 12445632?
True
Is 454700 a multiple of 231?
False
Does 133 divide 1093260?
True
Is 8 a factor of 81840?
True
Is 64284 a multiple of 9?
False
Is 76 a factor of 822599?
False
Is 127 a factor of 1169462?
False
Is 1338316 a multiple of 14?
True
Does 8 divide 147856?
True
Is 66 a factor of 2970922?
False
Does 11 divide 1252968?
False
Is 468 a factor of 234749?
False
Is 216650 even?
True
Is 1340526 a multiple of 6?
True
Is 9 a factor of 1422027?
True
Is 554634 a multiple of 13?
False
Is 353387 a multiple of 37?
True
Does 11 divide 47802?
False
Is 369819 a multiple of 27?
True
Is 15 a factor of 9831885?
True
Is 1772095 a multiple of 294?
False
Does 706 divide 4368132?
False
Is 7 a factor of 3427228?
True
Does 33 divide 7837070?
False
Does 7 divide 4201828?
False
Does 141 divide 116466?
True
Is 2322046 a multiple of 74?
True
Is 433 a factor of 324372?
False
Does 159 divide 4236396?
True
Does 12 divide 419695?
False
Is 3710508 a multiple of 111?
True
Is 177688 a multiple of 152?
True
Is 165985 a multiple of 9?
False
Is 39 a factor of 1235235?
False
Is 178 a factor of 4765594?
True
Does 61 divide 1268124?
False
Does 119 divide 317317?
False
Is 299 a factor of 463450?
True
Is 43 a factor of 89354?
True
Does 31 divide 373556?
False
Is 767 a factor of 3285828?
True
Is 10 a factor of 2950?
True
Is 876380 a multiple of 253?
False
Is 4377620 a multiple of 452?
True
Does 72 divide 4748912?
False
Is 45 a factor of 973151?
False
Does 60 divide 106568?
False
Is 575 a factor of 152375?
True
Is 381 a factor of 307868?
False
Is 31177 a multiple of 41?
False
Does 71 divide 1410568?
False
Does 40 divide 364497?
False
Is 157 a factor of 21980?
True
Is 22 a factor of 23056?
True
Does 108 divide 122148?
True
Is 253125 a multiple of 405?
True
Does 56 divide 58016?
True
Is 3062875 a multiple of 25?
True
Does 174 divide 88317?
False
Is 171681 a multiple of 267?
True
Is 2908068 a multiple of 155?
False
Is 38 a factor of 329726?
True
Is 150784 a multiple of 33?
False
Is 11 a factor of 488079?
False
Is 2929190 a multiple of 310?
True
Does 35 divide 82209?
False
Is 3 a factor of 308164?
False
Is 3284888 a multiple of 23?
False
Is 2866208 a multiple of 190?
False
Is 141073 a multiple of 10?
False
Is 42 a factor of 100931?
False
Does 83 divide 136037?
True
Is 1613776 a multiple of 16?
True
Is 2 a factor of 101005?
False
Does 8 divide 218805?
False
Is 6 a factor of 144606?
True
Does 23 divide 5546089?
False
Does 14 divide 6608?
True
Is 378 a factor of 427518?
True
Is 462 a factor of 1027026?
True
Does 10 divide 44330?
True
Is 119560 a multiple of 27?
False
Is 58696 a multiple of 29?
True
Does 237 divide 30382?
False
Is 3699718 a multiple of 583?
True
Does 147 divide 1006509?
True
Is 75487 a multiple of 21?
False
Does 624 divide 4714751?
False
Is 40 a factor of 2092476?
False
Does 13 divide 493772?
False
Is 16595846 a multiple of 11?
False
Does 21 divide 244491?
False
Is 36 a factor of 7761929?
False
Is 11 a factor of 506935?
True
Is 1739565 a multiple of 261?
True
Is 4308113 a multiple of 10?
False
Is 15 a factor of 222240?
True
Is 405 a factor of 12960?
True
Is 58 a factor of 345274?
True
Is 25 a factor of 13201375?
True
Is 87 a factor of 151206?
True
Is 52 a factor of 186986?
False
Is